{"id":11,"date":"2021-07-13T21:38:05","date_gmt":"2021-07-13T21:38:05","guid":{"rendered":"http:\/\/iwent.mielec.pl\/?page_id=11"},"modified":"2021-07-27T11:15:19","modified_gmt":"2021-07-27T11:15:19","slug":"wentylacja-i-rekuperacja","status":"publish","type":"page","link":"http:\/\/iwent.mielec.pl\/?page_id=11","title":{"rendered":"Wentylacja i rekuperacja"},"content":{"rendered":"\n<p>Prawid\u0142owo dzia\u0142aj\u0105ca wentylacja pozwala na wymian\u0119 zu\u017cytego i zanieczyszczonego&nbsp; powietrza na \u015bwie\u017ce, niezb\u0119dne do oddychania oraz prawid\u0142owej i bezpiecznej pracy maszyn i urz\u0105dze\u0144. Wentylacja daje uczucie komfortu i zapewnia zdrowe warunki&nbsp; \u017cycia i pracy.<\/p>\n\n\n\n<p>Prawid\u0142owo dzia\u0142aj\u0105ca rekuperacja pomaga odzyskiwa\u0107 ciep\u0142o, kt\u00f3re w tradycyjnym systemie nawiewno-wywiewnym bezpowrotnie ucieka do \u015brodowiska. Rekuperacja pozwala na redukcj\u0119 koszt\u00f3w ogrzewania.<\/p>\n\n\n\n<p>Oferujemy kompleksowe rozwi\u0105zania wentylacyjne i rekuperacyjne, kt\u00f3re mog\u0105 by\u0107 stosowane zar\u00f3wno w obiektach mieszkalnych, biurowych, handlowych jak i w produkcyjnych.<\/p>\n\n\n\n<p>W naszej ofercie mo\u017cna znale\u017a\u0107:<\/p>\n\n\n\n<p>&#8211;&nbsp; centrale wentylacyjne<\/p>\n\n\n\n<p>&#8211; rekuperatory<\/p>\n\n\n\n<p>&#8211; agregaty grzewczo-wentylacyjne<\/p>\n\n\n\n<p>&#8211; nagrzewnice i kurtyny powietrza<\/p>\n\n\n\n<p>&#8211; przewody i kszta\u0142tki<\/p>\n\n\n\n<p>&#8211; galanterie wentylacyjne (anemostaty, nawiewniki, kratki wentylacyjne,&nbsp; przepustnice do kratek, nawietrzaki)<\/p>\n\n\n\n<p>Oferujemy fachowe doradztwo techniczne, pomoc w doborze odpowiednich urz\u0105dze\u0144, proponujemy rozwi\u0105zania \u015bci\u015ble dopasowane do indywidualnych potrzeb. Wykonujemy projekty, kosztorysy, pomiary, monta\u017c oraz serwis i konserwacj\u0119 instalacji wentylacyjnych i rekuperacyjnych.<\/p>\n","protected":false},"excerpt":{"rendered":"<p>Prawid\u0142owo dzia\u0142aj\u0105ca wentylacja pozwala na wymian\u0119 zu\u017cytego i zanieczyszczonego&nbsp; powietrza na \u015bwie\u017ce, niezb\u0119dne do oddychania oraz prawid\u0142owej i bezpiecznej pracy maszyn [&hellip;]<\/p>\n","protected":false},"author":1,"featured_media":0,"parent":0,"menu_order":0,"comment_status":"closed","ping_status":"closed","template":"","meta":{"footnotes":""},"_links":{"self":[{"href":"http:\/\/iwent.mielec.pl\/index.php?rest_route=\/wp\/v2\/pages\/11"}],"collection":[{"href":"http:\/\/iwent.mielec.pl\/index.php?rest_route=\/wp\/v2\/pages"}],"about":[{"href":"http:\/\/iwent.mielec.pl\/index.php?rest_route=\/wp\/v2\/types\/page"}],"author":[{"embeddable":true,"href":"http:\/\/iwent.mielec.pl\/index.php?rest_route=\/wp\/v2\/users\/1"}],"replies":[{"embeddable":true,"href":"http:\/\/iwent.mielec.pl\/index.php?rest_route=%2Fwp%2Fv2%2Fcomments&post=11"}],"version-history":[{"count":2,"href":"http:\/\/iwent.mielec.pl\/index.php?rest_route=\/wp\/v2\/pages\/11\/revisions"}],"predecessor-version":[{"id":80,"href":"http:\/\/iwent.mielec.pl\/index.php?rest_route=\/wp\/v2\/pages\/11\/revisions\/80"}],"wp:attachment":[{"href":"http:\/\/iwent.mielec.pl\/index.php?rest_route=%2Fwp%2Fv2%2Fmedia&parent=11"}],"curies":[{"name":"wp","href":"https:\/\/api.w.org\/{rel}","templated":true}]}}

<p>Prawidłowo działająca wentylacja pozwala na wymianę zużytego i zanieczyszczonego&nbsp; powietrza na świeże, niezbędne do oddychania oraz prawidłowej i bezpiecznej pracy maszyn i urządzeń. Wentylacja daje uczucie komfortu i zapewnia zdrowe warunki&nbsp; życia i pracy.</p>



<p>Prawidłowo działająca rekuperacja pomaga odzyskiwać ciepło, które w tradycyjnym systemie nawiewno-wywiewnym bezpowrotnie ucieka do środowiska. Rekuperacja pozwala na redukcję kosztów ogrzewania.</p>



<p>Oferujemy kompleksowe rozwiązania wentylacyjne i rekuperacyjne, które mogą być stosowane zarówno w obiektach mieszkalnych, biurowych, handlowych jak i w produkcyjnych.</p>



<p>W naszej ofercie można znaleźć:</p>



<p>&#8211;&nbsp; centrale wentylacyjne</p>



<p>&#8211; rekuperatory</p>



<p>&#8211; agregaty grzewczo-wentylacyjne</p>



<p>&#8211; nagrzewnice i kurtyny powietrza</p>



<p>&#8211; przewody i kształtki</p>



<p>&#8211; galanterie wentylacyjne (anemostaty, nawiewniki, kratki wentylacyjne,&nbsp; przepustnice do kratek, nawietrzaki)</p>



<p>Oferujemy fachowe doradztwo techniczne, pomoc w doborze odpowiednich urządzeń, proponujemy rozwiązania ściśle dopasowane do indywidualnych potrzeb. Wykonujemy projekty, kosztorysy, pomiary, montaż oraz serwis i konserwację instalacji wentylacyjnych i rekuperacyjnych.</p>

<p>Prawidłowo działająca wentylacja pozwala na wymianę zużytego i zanieczyszczonego&nbsp; powietrza na świeże, niezbędne do oddychania oraz prawidłowej i bezpiecznej pracy maszyn [&hellip;]</p>
